9
What is the highest common factor of 484190 and 182?
14
What is the greatest common factor of 31 and 172081?
31
Calculate the greatest common factor of 217299 and 1130.
113
What is the greatest common divisor of 418786 and 2?
2
What is the highest common divisor of 177854 and 85?
17
Calculate the highest common divisor of 39 and 175905.
3
What is the greatest common factor of 469497 and 849?
849
Calculate the greatest common divisor of 125343 and 48051.
171
What is the greatest common divisor of 1332 and 1536?
12
What is the highest common divisor of 216888 and 532?
28
Calculate the highest common divisor of 26450 and 2600.
50
What is the highest common divisor of 11400 and 102372?
228
Calculate the greatest common divisor of 22327 and 5918.
269
Calculate the greatest common factor of 18 and 263118.
6
Calculate the greatest common divisor of 91 and 108017.
91
Calculate the highest common factor of 90 and 317124.
18
Calculate the highest common divisor of 3 and 2271117.
3
Calculate the highest common factor of 528 and 195404.
44
Calculate the greatest common factor of 2080 and 261300.
260
What is the greatest common divisor of 289312 and 448?
32
What is the highest common factor of 85 and 18115?
5
What is the highest common factor of 144 and 516816?
144
What is the highest common factor of 16 and 36928?
16
What is the greatest common divisor of 235890 and 720?
90
Calculate the greatest common divisor of 13172 and 6956.
148
What is the greatest common divisor of 365 and 144930?
5
What is the greatest common divisor of 1114 and 2196808?
1114
What is the highest common factor of 74284 and 1127?
49
Calculate the greatest common divisor of 29495 and 1041.
347
Calculate the greatest common factor of 312 and 619944.
312
What is the highest common divisor of 11136 and 6?
6
Calculate the highest common factor of 120 and 479840.
40
Calculate the greatest common factor of 12 and 3779868.
12
Calculate the highest common factor of 52428 and 204.
204
Calculate the greatest common factor of 2742 and 117449.
457
Calculate the highest common factor of 385 and 103125.
55
What is the highest common divisor of 80 and 4450420?
20
What is the highest common divisor of 5300 and 212?
212
What is the highest common factor of 582 and 3168699?
291
Calculate the greatest common factor of 665 and 1099.
7
Calculate the highest common factor of 3185 and 160475.
245
Calculate the highest common factor of 21 and 1544991.
21
What is the highest common divisor of 10 and 32722?
2
What is the highest common divisor of 331 and 132731?
331
What is the greatest common factor of 13502 and 7396?
86
Calculate the highest common factor of 67650 and 7722.
66
Calculate the greatest common divisor of 66 and 3307821.
33
What is the greatest common factor of 33847 and 53856?
187
What is the greatest common factor of 405 and 159165?
405
What is the greatest common factor of 1664 and 26416?
208
What is the highest common factor of 240 and 33960?
120
Calculate the greatest common factor of 19089 and 3024.
189
Calculate the greatest common factor of 10578 and 53664.
258
What is the greatest common factor of 33 and 629409?
33
What is the greatest common factor of 15940 and 5?
5
Calculate the greatest common factor of 622654 and 3464.
866
What is the greatest common factor of 276 and 69092?
92
Calculate the highest common factor of 44 and 2372.
4
What is the greatest common factor of 1133972 and 28?
28
Calculate the highest common divisor of 470 and 50854.
94
What is the greatest common divisor of 416 and 3055?
13
Calculate the greatest common divisor of 2998 and 2705695.
1499
Calculate the greatest common factor of 10026 and 90.
18
What is the greatest common factor of 39812 and 740?
148
What is the greatest common divisor of 136 and 8704?
136
What is the highest common factor of 1695 and 29493?
339
What is the greatest common divisor of 3408 and 2928?
48
What is the greatest common divisor of 738 and 221769?
369
Calculate the greatest common divisor of 93677 and 113.
113
What is the highest common divisor of 593518 and 334?
334
Calculate the highest common divisor of 25266 and 264.
6
What is the greatest common factor of 30247 and 406?
203
Calculate the greatest common factor of 3301332 and 612.
204
Calculate the greatest common factor of 414 and 576702.
414
What is the highest common divisor of 3135491 and 37?
37
What is the greatest common divisor of 92895 and 55?
55
What is the highest common divisor of 18 and 8002926?
18
What is the highest common factor of 41197 and 26?
13
What is the highest common factor of 40880 and 4818?
146
Calculate the greatest common divisor of 192731 and 11.
11
Calculate the highest common factor of 870 and 113055.
15
Calculate the greatest common factor of 2574 and 1313.
13
What is the highest common divisor of 36849 and 4544?
71
What is the highest common factor of 630 and 486234?
126
What is the greatest common factor of 6140 and 20569?
307
What is the highest common divisor of 660 and 17391?
33
Calculate the greatest common factor of 28 and 1922396.
28
Calculate the highest common factor of 16 and 2567.
1
Calculate the highest common factor of 7634 and 15962.
694
What is the highest common divisor of 642 and 26215?
107
What is the highest common factor of 63760 and 160?
80
Calculate the greatest common divisor of 1935603 and 204.
51
Calculate the greatest common factor of 10412 and 2329.
137
Calculate the greatest common divisor of 364 and 55523.
13
Calculate the highest common divisor of 35 and 1810.
5
Calculate the greatest common factor of 31 and 107167.
31
What is the greatest common divisor of 1702 and 184?
46
What is the highest common factor of 212877 and 1395?
279
Calculate the greatest common divisor of 1271 and 779.
41
Calculate the highest common factor of 5780 and 5260.
20
What is the highest common factor of 12861 and 27?
9
What is the greatest common divisor of 2733116 and 296?
148
Calculate the highest common factor of 74451 and 429.
39
Calculate the greatest common factor of 14082 and 66.
6
What is the greatest common factor of 6437584 and 496?
496
What is the highest common divisor of 67672 and 22?
22
Calculate the greatest common factor of 546 and 459186.
546
Calculate the highest common divisor of 18 and 220905.
9
What is the highest common divisor of 1305 and 68904?
261
What is the greatest common divisor of 8 and 1322?
2
What is the highest common divisor of 363 and 181500?
363
What is the greatest common factor of 444620 and 1880?
940
Calculate the highest common divisor of 3245 and 17523.
649
What is the highest common factor of 132286 and 28?
14
What is the greatest common divisor of 544 and 310624?
544
Calculate the highest common divisor of 1760 and 79805.
55
What is the greatest common divisor of 329994 and 270?
54
Calculate the highest common factor of 31 and 365676.
31
What is the greatest common factor of 777042 and 54?
18
What is the greatest common factor of 1496 and 8041?
187
What is the greatest common factor of 12892 and 88?
44
Calculate the highest common factor of 2020 and 147965.
505
Calculate the greatest common factor of 105 and 626295.
15
What is the greatest common factor of 37206 and 1113318?
2862
Calculate the highest common divisor of 144 and 135972.
36
Calculate the highest common divisor of 276 and 67206.
138
Calculate the highest common divisor of 1137394 and 2228.
1114
Calculate the highest common divisor of 6000 and 62808.
24
What is the highest common factor of 63744 and 249?
249
What is the highest common divisor of 223192 and 92?
92
Calculate the highest common divisor of 383740 and 60.
20
Calculate the highest common factor of 7397 and 13.
13
Calculate the highest common divisor of 1404 and 4239378.
702
Calculate the highest common factor of 178972 and 3101.
443
What is the greatest common factor of 1608 and 776?
8
Calculate the highest common divisor of 214326 and 196.
98
Calculate the highest common factor of 161541 and 2.
1
What is the highest common factor of 794544 and 240?
48
Calculate the highest common factor of 1617 and 183491.
77
Calculate the greatest common divisor of 70 and 126735.
35
What is the greatest common divisor of 120 and 1992?
24
What is the highest common divisor of 217761 and 9